42 is divided by 5346?
4
Calculate the remainder when 103453 is divided by 240.
13
Calculate the remainder when 6801 is divided by 566.
9
What is the remainder when 317570 is divided by 158734?
102
Calculate the remainder when 33020 is divided by 32989.
31
What is the remainder when 7501 is divided by 475?
376
What is the remainder when 1739 is divided by 285?
29
What is the remainder when 5393 is divided by 5293?
100
Calculate the remainder when 735 is divided by 135.
60
What is the remainder when 20137 is divided by 20?
17
What is the remainder when 2249 is divided by 128?
73
What is the remainder when 412524 is divided by 55?
24
What is the remainder when 119715 is divided by 9975?
15
Calculate the remainder when 5353 is divided by 2413.
527
What is the remainder when 22779 is divided by 1626?
15
What is the remainder when 540 is divided by 416?
124
Calculate the remainder when 28958 is divided by 329.
6
What is the remainder when 3252079 is divided by 106?
105
What is the remainder when 99674 is divided by 37?
33
What is the remainder when 1188 is divided by 240?
228
What is the remainder when 29461 is divided by 137?
6
What is the remainder when 3299204 is divided by 13?
12
Calculate the remainder when 141498 is divided by 7074.
18
Calculate the remainder when 2413 is divided by 14.
5
What is the remainder when 5665 is divided by 951?
910
Calculate the remainder when 197794 is divided by 1206.
10
What is the remainder when 1188823 is divided by 142?
141
What is the remainder when 25282 is divided by 47?
43
What is the remainder when 887 is divided by 172?
27
Calculate the remainder when 54631 is divided by 3035.
1
What is the remainder when 6704 is divided by 23?
11
What is the remainder when 12625 is divided by 166?
9
What is the remainder when 13959 is divided by 125?
84
What is the remainder when 10397 is divided by 317?
253
Calculate the remainder when 6187 is divided by 3086.
15
Calculate the remainder when 68682 is divided by 34314.
54
What is the remainder when 19092 is divided by 32?
20
What is the remainder when 29937 is divided by 34?
17
What is the remainder when 1248872 is divided by 182?
170
What is the remainder when 17567 is divided by 58?
51
Calculate the remainder when 678112 is divided by 202.
200
What is the remainder when 4730097 is divided by 20?
17
Calculate the remainder when 5314 is divided by 581.
85
Calculate the remainder when 56307 is divided by 22.
9
Calculate the remainder when 9164 is divided by 1046.
796
Calculate the remainder when 70367 is divided by 3.
2
What is the remainder when 801175 is divided by 1825?
0
What is the remainder when 705139 is divided by 235043?
10
What is the remainder when 135031 is divided by 107?
104
Calculate the remainder when 12036 is divided by 20.
16
What is the remainder when 110449 is divided by 251?
9
What is the remainder when 763722 is divided by 18?
0
What is the remainder when 1274 is divided by 636?
2
What is the remainder when 1490943 is divided by 32?
31
What is the remainder when 716177 is divided by 4?
1
What is the remainder when 80425 is divided by 26806?
7
Calculate the remainder when 3745 is divided by 636.
565
What is the remainder when 674 is divided by 315?
44
What is the remainder when 125296 is divided by 15658?
32
Calculate the remainder when 69406 is divided by 2776.
6
Calculate the remainder when 21435 is divided by 92.
91
What is the remainder when 59560 is divided by 29771?
18
What is the remainder when 785 is divided by 21?
8
Calculate the remainder when 89891 is divided by 37.
18
What is the remainder when 28176 is divided by 31?
28
What is the remainder when 65881 is divided by 4705?
11
What is the remainder when 18476 is divided by 4616?
12
What is the remainder when 11565 is divided by 255?
90
What is the remainder when 2663 is divided by 1271?
121
What is the remainder when 654121 is divided by 43607?
16
What is the remainder when 6755 is divided by 537?
311
Calculate the remainder when 3557 is divided by 763.
505
Calculate the remainder when 9801 is divided by 265.
261
What is the remainder when 234611 is divided by 17?
11
Calculate the remainder when 1845 is divided by 445.
65
What is the remainder when 17040 is divided by 5674?
18
What is the remainder when 31865 is divided by 36?
5
Calculate the remainder when 97225 is divided by 48556.
113
What is the remainder when 2865 is divided by 900?
165
What is the remainder when 575041 is divided by 21?
19
What is the remainder when 15194 is divided by 323?
13
Calculate the remainder when 4943 is divided by 1634.
41
Calculate the remainder when 143519 is divided by 7.
5
Calculate the remainder when 25016 is divided by 269.
268
Calculate the remainder when 368601 is divided by 18.
15
Calculate the remainder when 1196 is divided by 386.
38
Calculate the remainder when 7044 is divided by 1544.
868
Calculate the remainder when 32267 is divided by 326.
319
Calculate the remainder when 163 is divided by 25.
13
What is the remainder when 12604441 is divided by 116?
113
What is the remainder when 367152 is divided by 127?
122
What is the remainder when 3249 is divided by 104?
25
What is the remainder when 699228 is divided by 274?
254
What is the remainder when 56087 is divided by 164?
163
Calculate the remainder when 94435 is divided by 1783.
1719
What is the remainder when 9038 is divided by 113?
111
What is the remainder when 44914 is divided by 12?
10
What is the remainder when 5931 is divided by 496?
475
What is the remainder when 10746 is divided by 52?
34
What is the remainder when 13638 is divided by 317?
7
Calculate the remainder when 42100 is divided by 42051.
49
Calculate the remainder when 5576 is divided by 72.
32
What is the remainder when 2662649 is divided by 873?
872
What is the remainder when 2681 is divided by 4?
1
Calculate the remainder when 51419 is divided by 6424.
27
Calculate the remainder when 2765072 is divided by 31.
27
Calculate the remainder when 519 is divided by 5.
4
What is the remainder when 1554 is divided by 1536?
18
What is the remainder when 14274791 is divided by 126?
125
What is the remainder when 4178747 is divided by 409?
403
Calculate the remainder when 93937 is divided by 4694.
57
Calculate the remainder when 14126 is divided by 245.
161
What is the remainder when 1603 is divided by 4?
3
What is the remainder when 16234 is divided by 339?
301
Calculate the remainder when 1415 is divided by 142.
137
Calculate the remainder when 2281 is divided by 381.
376
Calculate the remainder when 5058 is divided by 7.
4
Calculate the remainder when 8980 is divided by 65.
10
Calculate the remainder when 124754 is divided by 167.
5
What is the remainder when 6594 is divided by 471?
0
Calculate the remainder when 31863 is divided by 56.
55
Calculate the remainder when 592311 is divided by 71.
29
Calculate the remainder when 9156 is divided by 641.
182
What is the remainder when 3220 is divided by 150?
70
What is the remainder when 2055 is divided by 411?
0
Calculate the remainder when 388405 is divided by 188.
185
What is the remainder when 5108 is divided by 284?
280
What is the remainder when 32741 is divided by 85?
16
What is the remainder when 79789 is divided by 186?
181
Calculate the remainder when 2064 is divided by 108.
12
Calculate the remainder when 25290 is divided by 26.
18
Calculate the remainder when 5361 is divided by 5345.
16
Calculate the remainder when 17410 is divided by 242.
228
What is the remainder when 18907 is divided by 4721?
23
What is the remainder when 1656 is divided by 888?
768
Calculate the remainder when 47539 is divided by 11.
8
Calculate the remainder when 16241 is divided by 285.
281
What is the remainder when 20075 is divided by 20?
15
Calculate the remainder when 831221 is divided by 3.
2
Calculate the remainder when 1853 is divided by 563.
164
Calculate the remainder when 3254 is divided by 159.
74
Calculate the remainder when 19515 is divided by 6477.
84
What is the remainder when 6378 is divided by 336?
330
Calculate the remainder when 150339 is divided by 535.
4
What is the remainder when 114813 is divided by 312?
309
What is the remainder when 23727 is divided by 3385?
32
Calculate the remainder when 115453 is divided by 328.
325
What